mon divisor of 30 and 9797750.
10
Calculate the highest common factor of 5750670 and 150.
30
What is the greatest common divisor of 13952 and 17293312?
128
Calculate the greatest common factor of 6848 and 673216608.
3424
What is the greatest common divisor of 10256581 and 16997?
739
What is the highest common divisor of 1348 and 300097152?
1348
What is the highest common divisor of 176320 and 8135515?
2755
Calculate the greatest common factor of 173889018 and 63.
9
What is the highest common factor of 69482 and 34790?
98
Calculate the highest common divisor of 40 and 211100620.
20
Calculate the highest common divisor of 346188 and 92922.
102
Calculate the highest common divisor of 1128 and 722249.
47
Calculate the greatest common divisor of 319172 and 3759.
7
Calculate the highest common divisor of 31502 and 843922.
1658
Calculate the highest common divisor of 10675412 and 93091.
733
Calculate the greatest common factor of 1918136 and 45232.
88
What is the greatest common divisor of 780771 and 36?
3
Calculate the highest common divisor of 29533 and 1337.
7
Calculate the highest common divisor of 582 and 66221997.
291
Calculate the highest common divisor of 10857 and 281127.
231
Calculate the highest common factor of 3260 and 5571620.
20
Calculate the greatest common divisor of 16 and 687841456.
16
What is the highest common factor of 159917 and 63223?
3719
Calculate the greatest common divisor of 163717 and 403.
1
What is the greatest common divisor of 6526 and 20371?
13
Calculate the highest common divisor of 493 and 6651947.
17
What is the greatest common divisor of 31592 and 473162?
718
Calculate the greatest common factor of 122628 and 914826.
66
What is the highest common factor of 66 and 4082082?
6
Calculate the highest common divisor of 17712 and 168956982.
2214
Calculate the highest common divisor of 308 and 3283324.
44
What is the greatest common factor of 217 and 9062137?
217
Calculate the highest common factor of 788210 and 760380.
230
Calculate the greatest common divisor of 68 and 239390192.
68
Calculate the greatest common divisor of 83011292 and 1274.
1274
Calculate the greatest common divisor of 31529050 and 150.
50
Calculate the greatest common factor of 154773 and 32971986.
5337
What is the greatest common factor of 15718 and 41992?
58
Calculate the highest common divisor of 488 and 25816664.
488
Calculate the greatest common divisor of 80848 and 4180624.
2608
Calculate the greatest common divisor of 213 and 211453833.
213
What is the highest common factor of 15043 and 24513643?
2149
What is the greatest common divisor of 1690 and 724810?
10
Calculate the greatest common factor of 128412 and 3639384.
3132
What is the highest common divisor of 69424965 and 9?
9
What is the highest common factor of 52800 and 18750?
150
What is the highest common factor of 2225610 and 30510?
270
Calculate the highest common factor of 59505201 and 224.
7
Calculate the greatest common factor of 1861 and 166187300.
1861
Calculate the highest common factor of 1425 and 2196818.
19
What is the highest common divisor of 253624 and 34244?
28
What is the highest common divisor of 778390 and 150?
10
Calculate the greatest common divisor of 275 and 49477901.
11
Calculate the highest common factor of 650 and 25803635.
65
Calculate the greatest common divisor of 1227637216 and 832.
416
What is the greatest common divisor of 70 and 1928890?
10
What is the highest common divisor of 581 and 28165967?
83
What is the highest common factor of 39179576 and 1319?
1319
What is the highest common divisor of 14 and 372418074?
14
What is the highest common divisor of 268776 and 8352?
72
What is the highest common factor of 3561647 and 7079563?
4859
Calculate the highest common divisor of 16350716 and 2622.
38
Calculate the greatest common divisor of 221914 and 5645376.
242
Calculate the highest common divisor of 50265 and 12915.
45
What is the highest common divisor of 5817 and 142023?
21
What is the highest common factor of 244392 and 329664?
408
What is the greatest common factor of 135 and 165822750?
45
What is the highest common factor of 14199 and 2571?
3
What is the highest common divisor of 767350 and 3669375?
2575
What is the greatest common factor of 88266 and 2999166?
1878
Calculate the highest common factor of 11506860 and 720.
180
Calculate the greatest common divisor of 143 and 293940361.
143
Calculate the highest common divisor of 14 and 25393585.
7
Calculate the highest common divisor of 258337030 and 770.
70
Calculate the greatest common divisor of 19172273 and 57.
19
Calculate the highest common factor of 2568 and 2712.
24
What is the greatest common divisor of 16666 and 46?
2
What is the greatest common divisor of 11086 and 17637412?
46
Calculate the highest common divisor of 41439445 and 736.
23
Calculate the greatest common divisor of 688 and 7114216.
8
What is the greatest common divisor of 266431 and 78387?
53
What is the greatest common divisor of 17698345 and 35?
35
Calculate the greatest common factor of 1253616 and 87.
3
Calculate the highest common factor of 1062 and 171451935.
531
What is the greatest common divisor of 8 and 138522758?
2
What is the greatest common divisor of 24744136 and 2848?
712
Calculate the highest common factor of 729 and 864711.
9
Calculate the highest common factor of 24779640 and 15540.
2220
What is the greatest common divisor of 24991669 and 2527?
361
Calculate the highest common divisor of 814 and 1780174.
22
Calculate the greatest common divisor of 709920 and 158456.
232
What is the greatest common divisor of 901238 and 962?
26
Calculate the highest common divisor of 2291 and 422791.
29
What is the greatest common divisor of 66551323 and 82?
41
What is the highest common factor of 124 and 387832?
4
What is the highest common factor of 44769242 and 173362?
5978
What is the greatest common divisor of 3346 and 148799?
7
Calculate the highest common divisor of 1649 and 29435911.
97
Calculate the highest common divisor of 265053 and 7621524.
5001
Calculate the highest common divisor of 826 and 8493254.
14
Calculate the greatest common divisor of 1668 and 1117414884.
1668
Calculate the highest common factor of 166904 and 11796344.
5384
What is the greatest common divisor of 60621 and 5969898?
363
Calculate the highest common divisor of 2116809 and 1083.
57
Calculate the highest common divisor of 567137 and 348721.
1241
What is the greatest common factor of 588304 and 4873?
443
Calculate the greatest common divisor of 9051415 and 15.
5
Calculate the highest common divisor of 4553 and 98861.
29
Calculate the highest common divisor of 11217765 and 195.
195
Calculate the greatest common factor of 92568 and 7202672.
4408
What is the highest common divisor of 2118 and 53435022?
2118
What is the highest common factor of 30960 and 8002128?
2064
Calculate the greatest common divisor of 68479813 and 22286.
1013
What is the highest common divisor of 258 and 21412882?
86
What is the greatest common factor of 2602 and 10061934?
2602
Calculate the highest common factor of 71 and 93795899.
71
Calculate the greatest common factor of 124764 and 3108.
444
What is the highest common divisor of 1545 and 22739?
1
Calculate the highest common divisor of 1190 and 236004710.
170
Calculate the greatest common divisor of 3334 and 44065478.
3334
Calculate the greatest common divisor of 3344 and 413820.
836
What is the highest common factor of 2623470 and 95770?
1570
Calculate the greatest common divisor of 35138701 and 39.
13
Calculate the greatest common divisor of 3872400 and 564.
12
Calculate the highest common divisor of 1411802 and 1240.
62
Calculate the greatest common factor of 916 and 1582026119.
229
Calculate the greatest common divisor of 7272993 and 14.
7
What is the greatest common factor of 3373359 and 2713556?
9293
What is the greatest common divisor of 13795430 and 162514?
1826
What is the greatest common factor of 23264244 and 3816?
1908
What is the greatest common divisor of 784 and 685706?
98
Calculate the highest common divisor of 5004 and 25308.
36
What is the greatest common factor of 5520324 and 4923?
1641
What is the highest common factor of 5172983 and 51512?
137
What is the greatest common divisor of 1567508 and 6530